53 = -w, -4*w - w = -2*t + 35. What is the units digit of t?
5
Let l(u) = -7*u**3 - 3*u**2 + 7*u. What is the hundreds digit of l(-4)?
3
Suppose -f - 5*t + 10 = 0, 0*f - f = t - 6. What is the units digit of f?
5
Let l be 2 + 1*(1 - 12). Let d = l + 32. What is the units digit of d?
3
Let b = 12 + -8. Suppose -b*f + 51 = v - 2*v, 5*f - 66 = 2*v. What is the tens digit of f?
1
Let n be (-3)/(-5) + (-8)/(-20). Let j be (-13)/(-5) + (-8)/(-20). Suppose j*k = -2*x - n + 21, k - 5*x - 1 = 0. What is the units digit of k?
6
Let r = -1 + -1. Let l = 5 - r. What is the units digit of l?
7
Suppose -4*o + 12 = -2*j - 4, 3*o - 5 = 5*j. Suppose 32 = o*u - 63. What is the units digit of u?
9
Suppose -42 + 4 = -f. What is the tens digit of f?
3
Let w = 45 - 18. What is the units digit of w?
7
Let f = 0 - -5. Suppose -w - f*y - 30 = 0, -4*w - 3*y - 20 = -3*w. What is the units digit of (0 - 2/w)*15?
6
Let z(k) = k - 4. Let r be z(9). Let h = 2 + r. What is the units digit of h?
7
Let z = 326 - 136. Suppose 3*m = -31 + z. What is the units digit of m?
3
Suppose 5*z - 1 = 3*k + 2, -3*z = -4*k + 7. Suppose -k*n = -4*x + 12, -x = -2*n + 2*x - 9. Suppose n*c = -2*c + 14. What is the units digit of c?
7
Suppose 3*n + s = 43, 0 = -2*n + n + 3*s + 31. What is the tens digit of n?
1
Let p = 15 - 12. Let m = 22 + p. What is the tens digit of m?
2
Suppose -2*w = -40 - 16. Suppose 0 = -2*q + q + w. What is the units digit of (4/(-8))/((-2)/q)?
7
Suppose -4*p - p = 15, -2*c - 29 = 5*p. Let d = 15 - 14. Let x = d - c. What is the units digit of x?
8
Suppose 3*k - 5*d - 52 = 0, 0*d = -2*k + 2*d + 32. What is the units digit of k?
4
Let b(s) = 3*s + 5. What is the tens digit of b(7)?
2
Let h = 5 - 0. Let n = -14 + 23. Suppose -h = -a + n. What is the units digit of a?
4
Let a be 2/2 + 23*2. Suppose 0 = 3*r - 5*x - a, 2*x - 5*x = 5*r - 67. Let j = -2 + r. What is the units digit of j?
2
Suppose 0 = 3*x + 23 - 185. Let b = x - 29. What is the tens digit of b?
2
Let a(q) = -18*q**2 + q + 3. Let p(i) = 91*i**2 - 5*i - 16. Let c(w) = -11*a(w) - 2*p(w). What is the tens digit of c(-1)?
1
Suppose l - 3*p + 14 = 2*l, 8 = 2*l - 4*p. Let h be (-30)/7 - (-4)/14. Let i = l + h. What is the units digit of i?
4
Let y be -1*(-1 - -2) + 13. Suppose 2*q + q = y. What is the units digit of q?
4
Let t(v) = -6*v - 4. What is the tens digit of t(-21)?
2
Let o(g) = -g + 0*g**3 + 5 + 3 - 3 - g**3. What is the units digit of o(0)?
5
Let h(q) = -2*q + 3. Let m be h(-5). Suppose m = n + 4*c, 2*c - 7 = -4*n + c. Suppose y = 2*y - n. What is the units digit of y?
1
Let l(o) = o**2 - 2*o + 13. What is the tens digit of l(-8)?
9
Suppose -6 = 5*l + 29. Let d = l - -32. What is the units digit of d?
5
Let x(p) = 19*p**2 - p - 1. Suppose -2*c - 4*s + 2 = -16, 3*c - 22 = -5*s. What is the units digit of x(c)?
9
Suppose -2*i - 3 = i. Let d(o) = -7*o**3 - 1. What is the units digit of d(i)?
6
Suppose 0 = -3*k - 0*a - 2*a + 291, 4*k - a = 377. Suppose n - 45 = 3*b, 2*n + b + 12 = k. What is the tens digit of n?
4
Suppose -3*p = -3 - 9. Suppose 0*y = -p*y. Suppose y = -i - i + h + 13, i - 24 = 4*h. What is the units digit of i?
4
Suppose o - 14 = -o. Suppose 2*t = o + 1. What is the units digit of t?
4
Let n(d) = 3*d**2 - 1. Let r be n(-1). Suppose 2*p = -r*p + 48. What is the tens digit of p?
1
Let z = 5 - 1. Let o(w) = w**2 + w. Let s be o(-2). Suppose -z*u + x + s = -0*u, 3*x = -4*u + 10. What is the units digit of u?
1
Let k be 5*(0 - 2/5). What is the units digit of 3 - (2 + k*7)?
5
Suppose 2*d - 12 - 8 = -k, 0 = -5*d + k + 50. What is the tens digit of d?
1
Let t(s) = s**3 + 5*s**2 - 6*s + 2. Let d be t(-6). Suppose -d*i = -7*i + 5. What is the units digit of i?
1
What is the tens digit of 50*(-2 + (-15)/(-6))?
2
Let b = -5 + 5. Suppose 3*u + u - 24 = b. Suppose u*z - z - 55 = 0. What is the units digit of z?
1
Let v be 6*(-3)/(-6) - 0. Let s be (-3)/v - (-3 - 1). What is the units digit of 19 - s/(-6)*-6?
6
Let f be 1*14*(-2)/4. Let d = f - -15. What is the units digit of (d/(-5))/((-14)/35)?
4
Let c(x) = x**3 + 13*x**2 + 11*x - 8. Let k be c(-12). Suppose -o + 5*i + 10 = -0*i, k*i = -3*o + 30. What is the tens digit of o?
1
Let m = 18 + -11. Let p(f) = -f + 3. Let j be p(7). Let c = m + j. What is the units digit of c?
3
Suppose l - 8*l - 175 = 0. Let d = 26 - 63. Let x = l - d. What is the tens digit of x?
1
Suppose l = 5*n - 2*l - 5, -4*l = -20. Suppose n*o + j = 3*o + 6, -4*o = -4*j - 32. What is the units digit of o?
7
Let i be 50/(-12) - (-3)/18. Let n(h) = -h**3 - 3*h**2 - 3*h - 5. What is the units digit of n(i)?
3
What is the hundreds digit of (-14)/21*7/((-21)/594)?
1
Let k = -2 + 4. Let z(m) = m**3 - m**2 - m + 2. Let c be z(k). Suppose c*d - 28 = -0*d. What is the units digit of d?
7
Let l = 17 + -12. Suppose 3*u - 19 = l. What is the units digit of u?
8
Let z(n) = -2*n. Let v be z(-1). Suppose 0 = -0*o + v*o + 4. Let l = 4 + o. What is the units digit of l?
2
What is the units digit of 0 + (30 - 3 - 0)?
7
Suppose -24 = -0*p - 3*p. Let r = p + -4. What is the units digit of r?
4
What is the hundreds digit of (-3)/(36/51)*-76?
3
Suppose -3*m - 37 = -2*s, -3*s + 2*m = -8*s + 83. Let b = -8 + -2. Let f = s + b. What is the units digit of f?
7
Let q(x) = 9*x - 7. What is the units digit of q(6)?
7
Let n(x) = -2 - 1 + 86*x**3 + 4*x - 85*x**3 - 3*x**2. Let q be 2/3 + (-8)/(-6). What is the units digit of n(q)?
1
Suppose 200 = w + 4*w. What is the units digit of w?
0
Let q = 0 + 1. Suppose -2*w + 5 = q. Suppose 5*f - w*f - 15 = 0. What is the units digit of f?
5
Let j be 4/2 + (5 - 3). Suppose -j*q + 4 + 8 = 0. Suppose 2*v = -a + 2*a - 5, -5*v - 7 = q*a. What is the units digit of a?
1
Let a = -26 - -82. Suppose -3*u + 0*u = 0. Suppose 3*h - a = -4*x + 2, u = -2*x - 3*h + 26. What is the units digit of x?
6
Let g(z) = 3*z**2 + 5 - 4 - 8*z - 6*z**2 + 2*z**2. What is the units digit of g(-6)?
3
Let v be ((-10)/(-5))/((-4)/(-14)). Let o = v - 2. What is the units digit of o?
5
Suppose -5*t - 7 = -2. What is the units digit of -3*(20/6)/t?
0
Suppose 0 = 4*d - 8 - 28. Suppose a - 2*a = -5*c + d, 5*c = 20. What is the tens digit of a?
1
Suppose -5*j - 53 + 12 = -2*p, j = -p + 3. Suppose p*f - 3*f - 120 = 0. What is the units digit of f?
4
Let l(p) = -p**2 - 5*p - 3. Let n(f) = 3*f + 3. Suppose 0*j - j = 2. Let k be n(j). What is the units digit of l(k)?
3
Suppose -21 = -5*f + 4*y - 10, 7 = f + 4*y. What is the units digit of f?
3
Let j(b) be the first derivative of -2*b**3/3 + 5*b**2/2 + 4*b + 2. Let o be j(4). Let m(u) = -u - 5. What is the units digit of m(o)?
3
Let h(i) = i**3 + 6*i**2 + 7*i + 5. What is the units digit of h(-4)?
9
Let k(h) = -2*h + 2. Let n be k(4). What is the units digit of 4/n*(-45)/2?
5
Suppose -5*q + 2*j = -204, -j = -2*q - 3*j + 90. Let z = q + -20. What is the units digit of z?
2
Let f(y) = y**3 + y**2 - 4*y + 7. What is the units digit of f(4)?
1
Let n be ((-9)/6)/((-6)/(-16)). What is the units digit of (1 - -3) + n/2?
2
Suppose -703 = -4*x - 107. Suppose 0 = 3*s - 3*w - 75, 5*s = w - 2*w + x. What is the tens digit of s?
2
Suppose 4*r - 8 = 4*j, -3*r = 5*j - j - 20. Suppose -y - k + 2 = 0, -2*y - k = -3*k + r. Suppose w - 6*w + 60 = y. What is the tens digit of w?
1
Suppose 3*u + 1 = -2. What is the units digit of (u + (0 - 0))*-29?
9
Let h(p) = -p**3 - 4*p**2 + 4*p + 6. Let y(n) = -n**3 + 8*n**2 - 8*n + 2. Let a be y(7). What is the tens digit of h(a)?
1
Let j(r) = r - 5. Suppose x - q - 12 = 0, -5*x + 67 - 27 = -q. What is the units digit of j(x)?
2
Let c be (-3)/((-1)/((-10)/(-6))). Suppose 84 = -c*t - 11. Let y = 32 + t. What is the tens digit of y?
1
Suppose -470 + 57 = 5*v - 3*r, 0 = -3*v + 3*r - 243. What is the tens digit of (-6)/24 - v/4?
2
Let s(a) = -2 - 2*a + 5*a - 2*a. Let q be s(7). Suppose q*x = -2 + 7. What is the units digit of x?
1
Suppose 6 = 5*u - 2*d, 3*d + 2 = 3*u + d. Suppose h + 2 = u*h. What is the units digit of h?
2
Suppose -5*l - 320 = -1120. What is the tens digit of l?
6
Let c = -7 + 7. Let b(s) = s**3 - 7*s + 4*s**2 + c*s**3 + 3*s. What is the tens digit of b(-4)?
1
Let s = -7 - -11. Suppose 2*d + 0 + 20 = s*n, 5*n + 3*d - 25 = 0. What is the units digit of n?
5
Let a be 12*(-2)/(-15)*-5. Let p(l) = -l**3 + 1. Let b(i) = -6*i**3 - 9*i**2 -